it of ((-7)/3*3)/((-2)/4)?
4
Suppose -2*v = 2*v - 204. Let a = v + -11. What is the tens digit of a?
4
Let l(t) = 9*t + 3. Let p(m) = 26*m + 8. Let y(f) = 8*l(f) - 3*p(f). Let b be y(-6). Suppose 59 + 1 = 4*h + 2*c, b = 3*h - 3*c. What is the units digit of h?
4
Let k be (-1)/2 + (-6)/4. Let b be (24/(-10))/(2/(-10)). Let c = k + b. What is the tens digit of c?
1
Let c(q) = -q**2 - 11*q - 8. Let n be c(-10). Suppose 5*w - n*f - 81 = 0, -f - 4*f - 45 = -2*w. What is the units digit of w?
5
Let k(z) = z**3 - z**2 + 2*z + 1. Let v be k(2). Suppose 0 = -v*f + 4*f + 10. What is the units digit of f?
2
Suppose -3*j - 120 = -3*i, 3*j - 9 = -0. What is the units digit of i?
3
Let r(d) = -50*d - 7. What is the units digit of r(-3)?
3
Suppose -4 = -2*l, 2*p = 6*p + 2*l - 1184. What is the tens digit of p?
9
Suppose -7 + 27 = 4*y. Let c = 18 - y. What is the units digit of c?
3
Let t(o) = o**3 + o - 11. Let a be t(0). Let c be 138/(-7) + 6/(-21). Let n = a - c. What is the units digit of n?
9
Let r = 6 + -2. Let z(k) = -2*k**2 + 5*k - 2. Let x be z(r). Let s = 20 + x. What is the units digit of s?
6
Suppose -4*t = 2*r - 256, -3*t = 3*r - 67 - 128. What is the units digit of t?
3
Let g(p) = -2*p - 8. What is the units digit of g(-11)?
4
Suppose 0 = u + 10. What is the units digit of (-505)/(-25) - (-2)/u?
0
Let t(n) = -n**3 - 6*n**2 - 4*n - 5. Let u be t(-5). Let q be (24/u)/(-3)*-5. What is the units digit of q/(-2) - 5/(-1)?
7
Let c(y) = -y - 7. Let f be c(-4). Let b be (10/(-3))/(f/45). Suppose 3*t - b = -2*t. What is the units digit of t?
0
Suppose 9 = -2*n + 1. Let w = 6 + n. Suppose 0*s - 12 = -w*s. What is the units digit of s?
6
Suppose 0 = 5*p - 5*h + 40, 22 = -5*p - h - 0*h. Let x = 9 - p. What is the units digit of x?
4
Suppose -4*s + 42 + 53 = p, 4*p + 57 = 3*s. What is the units digit of s?
3
Suppose 0 = -5*m - 4*o + o + 20, m + 4*o + 13 = 0. Suppose -m*p + 80 = -2*p. What is the units digit of p?
6
Suppose -2*r = -4 + 2. Suppose 0 = -2*a - r + 9. What is the units digit of a?
4
Suppose -c - 3*n = -3, 4*c + 5*n - 14 = 19. What is the tens digit of c?
1
Suppose 5*q - 16 = 2*v, 4*q + 0*v - 14 = 2*v. Suppose -2*f - 3*y = -q - 4, -3*y + 9 = 3*f. What is the units digit of -5 + f - (1 - 15)?
2
Suppose -5*o + 157 = 2*a - 5, -a = 5*o - 91. What is the units digit of a?
1
Let u(l) = 57*l**3 + 2*l**2 - 2*l + 1. What is the tens digit of u(1)?
5
Suppose -3*l + 33 = q, 3*l - 15 = 8*l. Let c = q - 0. What is the units digit of c?
2
Suppose 10 = p + 5*w, 4*w - 12 = -0*p - p. Suppose -l = l - p. What is the tens digit of l?
1
Suppose 17*r - 630 = 10*r. What is the tens digit of r?
9
Let k = 45 - 22. Let b = k - -4. What is the units digit of b?
7
Suppose -7*f + 18 = -2*f + 4*y, -5*f = -5*y. What is the units digit of 43/f - (-2)/4?
2
Suppose b + 0 - 5 = 0. Let w(r) = r**3 + r**2 - r + 2. Let h be w(-2). Suppose -2*a - 2*p = 0, -a - 8 = -h*p + b*p. What is the units digit of a?
2
Let j(g) = -g**3 + 7*g**2 + 3*g - 8. What is the units digit of j(4)?
2
Suppose -5*b + 516 = -219. What is the tens digit of b?
4
Let x = 31 + 10. What is the units digit of x?
1
Let u = -11 - -50. What is the tens digit of u?
3
Suppose -12*q = -9*q - 12. Suppose -q*k + 4 = 2*s, 2 = -3*s - 2*k + 4. Suppose -n + s*n = f - 15, -2*f + 4*n = -30. What is the units digit of f?
5
Let i(r) = 2*r - 3. Let p be i(-3). Let o = 1 - p. What is the units digit of o?
0
Let i = -7 - -12. Suppose -1 = 3*t + i*h, 0 = 8*t - 3*t - h - 17. What is the units digit of t?
3
Let l = 230 - 101. What is the units digit of l?
9
Suppose -5*b + 35 = 15. Let v be (-3)/b + (-156)/(-16). Suppose 0 = -c + v + 14. What is the units digit of c?
3
Let b be (-64)/(-24)*18/4. Let j = b + -7. Suppose v = j*v - 28. What is the units digit of v?
7
Suppose 6*u - 59 = 379. What is the units digit of u?
3
Suppose 0 = 4*l - 8*l + 92. What is the units digit of l?
3
Let v(x) = -x**2 - 9*x + 1. Suppose -n - 4*h - 2 = 2, 4*n = -3*h - 29. Let l be v(n). Let b = l - 2. What is the units digit of b?
7
Let f(c) = c. Let g be f(5). Suppose g*z - 14 = 6. What is the units digit of z?
4
Suppose -105 = -7*p + 462. What is the tens digit of p?
8
Let u = 30 + 19. What is the tens digit of u?
4
Suppose 5*o + 0 = 35. Let m = 10 - o. What is the units digit of (3 - 2)/1*m?
3
Suppose r = -2*s, -4*r + r = -4*s. Suppose 4*o = z - 31, s*o - 155 = -5*z - 3*o. What is the tens digit of z?
3
Let x = -4 + 4. Let o = x + 5. What is the units digit of o?
5
Suppose 145 = 3*m - 26. What is the tens digit of m?
5
Let b(w) be the second derivative of -1/6*w**3 + 0 - 2*w**2 + 2*w. What is the units digit of b(-9)?
5
Let u(p) be the third derivative of p**5/60 + p**4/8 - 7*p**3/6 + 3*p**2. Let a be u(-6). Suppose 0 = -2*l + 5 + a. What is the units digit of l?
8
Suppose -5*z + 3*z = -28. What is the tens digit of z?
1
Let f(w) = w**2 - 20*w + 97. What is the tens digit of f(26)?
5
Let d be (1 + 7)/(1 + 1). Suppose 0 = -2*a + 4*k - 3*k + 88, d*k = 5*a - 214. What is the tens digit of a?
4
Let l(y) = 3*y**2 + y - 2. Let q be l(2). Let t = -6 + q. What is the units digit of (-6)/(-4)*8/t?
2
Let s = 7 + -6. Let i = 1 + s. What is the units digit of i?
2
Let l(d) = 2*d**3 + d**2 - 5*d - 2. What is the tens digit of l(3)?
4
Let n = 187 + -6. What is the hundreds digit of n?
1
Let v(k) = k**2 + 2*k - 5. Let a be v(-4). Suppose -a*m - 6 = -18. Suppose -m*p = -33 + 1. What is the units digit of p?
8
What is the tens digit of -3 - (-4)/(4/47)?
4
Let x be 0/2*(3 - 2). Let l(f) = -1 + 16 + 2 + f. What is the tens digit of l(x)?
1
Let t = 10 + -5. Suppose 0 = t*r - 25. Suppose 3*m + 2*j + 4 + 3 = 0, r*m + 5*j + 20 = 0. What is the units digit of m?
1
Let a = 49 - 31. What is the units digit of a?
8
What is the units digit of 1 + 24 - (7 + -11)?
9
Suppose 5*p + 71 = 2*k + 396, p = 4*k + 83. What is the units digit of p?
3
Suppose -2*n = 5*z, -5*z = -4*n - z. Let k = n - -3. Let f = -2 + k. What is the units digit of f?
1
Suppose 3*q + 126 = -0*q. What is the tens digit of (q/3)/(3/(-6))?
2
Let k = -352 + 599. What is the units digit of k?
7
Suppose 0 = 5*b - 689 + 264. Suppose -4*a + b = a. What is the units digit of a?
7
Suppose -205 = -4*h + 75. What is the units digit of h?
0
Let i = -2 - -1. Let w be 0/(0 + i + 3). Suppose w = -3*h + 7*h - 24. What is the units digit of h?
6
Let v = 20 - 13. What is the units digit of v?
7
Suppose -212 = -2*w + 102. What is the tens digit of w?
5
Let h = 12 - -26. Let c = h - 25. What is the tens digit of c?
1
Let r(b) = -b**3 - 4*b**2. Let c be r(-4). Let s be (8/(-2))/(-2 - c). Let o(t) = -t**3 + 2*t**2 + 2*t - 1. What is the units digit of o(s)?
3
Let p(c) = -c + 5. Let b(m) = 5*m - 1. Let g be b(1). What is the units digit of p(g)?
1
Let c = -4 + 5. Let d be 1235/30 + c/(-6). Let r = -25 + d. What is the tens digit of r?
1
Suppose 3*n = 16 - 4. Suppose n*j - 102 = j. What is the tens digit of j?
3
Suppose 2*p + 16 = 136. What is the units digit of p?
0
Suppose 0 = -3*r, 2*t - 6 = 2*r + 4. Suppose 0 = t*s + 10, -s = 2*i + 3*s. Let j = i - -2. What is the units digit of j?
6
Let v be (0 - 0) + 1*5. Let t = 29 + -19. What is the units digit of (t - v) + -3 + 1?
3
Let b = 18 - -59. What is the tens digit of b?
7
Suppose -4*t = 4*g - 136, 3*g + 34 = -0*t + t. What is the tens digit of t?
3
Let y(p) = 0 + 3*p + 7 - 2*p. Let h be y(5). Let c = h - 5. What is the units digit of c?
7
Let y(d) = d**3 - 6*d**2 - 10*d + 16. Let a be y(7). What is the units digit of a/10 - (-171)/6?
8
Let t be (1 - -1)*2/2. Suppose -z - 6 = -5. Let r = t - z. What is the units digit of r?
3
What is the units digit of (-3728)/(-14) - 38/133?
6
Suppose -548 = -4*x - 4*v, x - 2*v = 2*v + 142. What is the tens digit of x?
3
Suppose c = 2*o + 181 - 29, -5*o + 608 = 4*c. What is the tens digit of c?
5
Let u(q) = 2*q**2 + 2*q - 2. Let r be u(-2). Let n(d) be the first derivative of 2*d**3/3 - 3*d**2/2 + 3*d - 1. What is the units digit of n(r)?
5
Suppose 5*z = -50 + 315. What is the tens digit of z?
5
What is the hundreds digit of (332/(-6))/((-1)/(7 + -4))?
1
Let a(w) be the second derivative of -w**4/12 + w**3/3 + 2*w**2 - w. Let k be a(4). What is the units digit of (4/(-6))/(k/6)?
1
Let c = 13 - -20. What is the units digit of c?
3
Let x = 33 + 0. What is t